7. What is c(-166)?
57
Let t(r) = -1275292*r - 10202331. What is t(-8)?
5
Let k(w) = w**2 + 13712*w - 150903. Determine k(11).
50
Let x(y) = 12441*y - 510037. Give x(41).
44
Let v(x) = -323*x - 1309. Calculate v(-4).
-17
Let u(n) = n**3 - 26*n**2 - 223*n + 3062. Calculate u(30).
-28
Let p(g) = 68*g**3 - 20*g**2 + 74*g - 59. Determine p(2).
553
Let b(d) = d**3 - 31*d**2 + 93*d - 1. Calculate b(0).
-1
Let k(f) = -31803*f - 3339294. Give k(-105).
21
Let l(z) = 13*z**2 + 281*z - 2888. Calculate l(10).
1222
Let k(t) = -2760*t**2 - 73*t + 26. Determine k(1).
-2807
Let t(w) = -w**3 + 185*w**2 - 939*w + 7052. Determine t(180).
32
Let p(w) = -w**3 + 4*w**2 - 58*w - 349. Give p(-4).
11
Let f(u) = -7*u**3 - 660*u**2 - 148*u + 224. Calculate f(-94).
-3536
Let y(h) = h**3 - 95*h**2 - 501*h - 70. What is y(-5)?
-65
Let i(l) = 9737*l - 194812. Calculate i(20).
-72
Let x(y) = 326*y + 42082. Give x(-129).
28
Let d(m) = 18*m**2 + 165*m - 1272. Determine d(5).
3
Let p(h) = -h**3 - 26*h**2 - 330*h - 4743. Give p(-21).
-18
Let c(p) = 3934*p - 82910. What is c(21)?
-296
Let k(q) = -3739*q**2 - 67*q - 60. What is k(-1)?
-3732
Let v(f) = -125*f**2 - 34380*f - 1134. Calculate v(-275).
241
Let m(i) = 406*i**2 + 3195*i - 430. Give m(-8).
-6
Let t(l) = -122*l + 8595. Give t(70).
55
Let u(c) = c**3 + 131*c**2 - 134*c - 330. Calculate u(-132).
-66
Let i(z) = 76753*z + 920957. Calculate i(-12).
-79
Let c(h) = -h**3 - 24*h**2 + 236*h + 3821. What is c(-27)?
-364
Let d(a) = a**3 - 7010*a**2 + 56033*a - 57. Determine d(8).
79
Let u(x) = -2*x**3 - 231*x**2 - 6264*x + 5. Determine u(-43).
1252
Let d(i) = 14*i**2 - 331*i - 143. Determine d(23).
-350
Let b(l) = -l**3 - 21*l**2 + 64*l - 126. Determine b(-24).
66
Let y(d) = -1413*d + 230319. Give y(163).
0
Let m(v) = -31646*v - 158218. Determine m(-5).
12
Let j(u) = -7*u**2 + 899*u - 6939. Determine j(8).
-195
Let y(z) = 349*z - 8121. What is y(22)?
-443
Let d(j) = j**3 - 8*j**2 + 30*j + 216. Determine d(-6).
-468
Let d(f) = -7568*f - 37160. What is d(-5)?
680
Let z(x) = -493*x - 5187. Determine z(-9).
-750
Let s(n) = n**2 - 27346*n + 4241630. What is s(156)?
-10
Let q(g) = 2*g**2 + 2001*g + 492749. Determine q(-438).
-1
Let y(r) = 1131*r - 242034. Calculate y(214).
0
Let l(y) = y**3 - 42*y**2 - 4582*y - 50257. Give l(-13).
14
Let d(o) = -18*o**3 + 87*o**2 - 9*o + 7. Determine d(5).
-113
Let h(u) = -1363*u - 8272. Determine h(-6).
-94
Let i(m) = 15881*m - 492425. Calculate i(31).
-114
Let w(b) = 3*b**2 + 120*b + 1246. Calculate w(-54).
3514
Let o(n) = 14*n**3 - 1175*n**2 - 94*n + 837. What is o(84)?
-3
Let v(m) = -116*m - 13811. Determine v(-127).
921
Let b(z) = 564698*z + 1129428. Determine b(-2).
32
Let o(v) = v**3 + 14*v**2 - 1299*v - 390. Give o(30).
240
Let u(x) = -5*x**2 - 102422*x + 717204. Calculate u(7).
5
Let m(v) = -117191*v - 2695398. Give m(-23).
-5
Let h(c) = -2*c**3 - 3*c**2 - 948*c - 2855. Calculate h(-3).
16
Let p(n) = 13*n**3 + 96*n**2 + 4676*n + 37916. Give p(-8).
-4
Let d(g) = -2*g**3 - 25*g**2 - 32*g - 126. What is d(-11)?
-137
Let n(h) = -65*h + 4533. Determine n(71).
-82
Let f(q) = -899*q**2 - 147*q - 38. Calculate f(1).
-1084
Let l(v) = 2*v**2 + 337*v + 1026. Determine l(-165).
-129
Let o(r) = r**3 - 29*r**2 + 52*r + 2261. Give o(22).
17
Let m(i) = 644*i - 2251. Determine m(4).
325
Let r(w) = 6*w**3 + 67*w**2 + 19*w + 80. Give r(-11).
-8
Let t(b) = b**3 + 310*b**2 + 15363*b - 785. Give t(-62).
21
Let j(r) = -r**3 - 4*r**2 + 2224*r + 11106. Determine j(-5).
11
Let s(k) = -4*k**2 - 10*k + 574. Determine s(-13).
28
Let i(b) = -3*b**3 - 1824*b**2 + 28044*b - 89. Give i(15).
46
Let c(i) = -19*i**2 + 428*i + 5087. Determine c(-11).
-1920
Let w(x) = -184887*x - 2403535. Give w(-13).
-4
Let j(q) = q**2 - 85*q - 5284. Give j(-46).
742
Let g(t) = 2*t**3 - 107*t**2 + 181*t - 1254. Determine g(52).
46
Let f(i) = -56071*i - 1289676. What is f(-23)?
-43
Let a(r) = 14118*r + 127124. Determine a(-9).
62
Let d(s) = 239*s + 23942. Give d(-99).
281
Let w(d) = -40055*d + 80155. Calculate w(2).
45
Let j(u) = 2*u**3 + 19*u**2 - 100*u - 13. What is j(4)?
19
Let s(d) = 1286377*d - 6431869. Give s(5).
16
Let a(y) = y**3 - 18*y**2 - 517*y + 9542. Give a(21).
8
Let s(q) = -21*q**2 - 1009*q - 99. Determine s(-48).
-51
Let o(m) = -1078*m**3 - 37*m - 35. Calculate o(-1).
1080
Let a(s) = -2*s**3 + 153*s**2 + 6458*s - 496576. Determine a(76).
8
Let w(d) = 36*d + 724. What is w(-25)?
-176
Let j(m) = 423*m + 12148. Give j(-29).
-119
Let z(s) = s**3 - 75*s**2 - 1247*s - 75. Give z(89).
-164
Let j(z) = z**3 + 17*z**2 - 136*z + 26. Give j(-25).
-1574
Let f(b) = b**2 + 48204*b + 337475. Calculate f(-7).
96
Let n(y) = -17*y**3 - 5*y**2 - 342*y - 5. Calculate n(0).
-5
Let k(p) = 331764*p - 1990589. Determine k(6).
-5
Let q(o) = 2*o**2 - 806*o + 6312. Give q(8).
-8
Let u(a) = 3*a**3 - 194*a**2 + 676*a + 193. What is u(4)?
-15
Let q(w) = -3482*w + 1344052. Determine q(386).
0
Let r(p) = 258*p + 108. Calculate r(-2).
-408
Let r(t) = 18*t**3 + 55*t**2 - 5. Calculate r(-2).
71
Let j(r) = -79339*r - 13249623. What is j(-167)?
-10
Let k(j) = 85219*j + 1193203. What is k(-14)?
137
Let x(d) = 18*d**2 - 235*d - 2092. Determine x(19).
-59
Let j(h) = 3*h**3 - 347*h**2 + 1229*h + 333. Give j(112).
-3
Let w(d) = -3*d**3 - 162*d**2 - 30*d + 1175. What is w(-54)?
2795
Let v(u) = 153*u + 5387. Calculate v(-24).
1715
Let l(k) = 13*k**3 + 609*k**2 + 37*k + 6345. Give l(-47).
188
Let q(f) = f**3 - 329*f**2 - 7351*f - 13. Determine q(-21).
8
Let i(h) = h**3 - 4844*h**2 + 57989*h - 38. Calculate i(12).
22
Let x(f) = f**3 + 8*f**2 - 53885*f - 323374. Determine x(-6).
8
Let i(p) = -55*p**2 + 7688*p + 338. Determine i(140).
-1342
Let u(b) = -2*b**3 + 58*b**2 - 207*b + 1420. What is u(25)?
1245
Let g(f) = -161*f - 13052. Determine g(-74).
-1138
Let m(k) = -17*k**2 + 1087*k + 375. What is m(64)?
311
Let y(c) = -c**3 - 154*c**2 - 605*c - 380. What is y(-150)?
370
Let c(p) = 7582*p - 1342008. Give c(177).
6
Let s(n) = 3*n**2 + 1535*n + 13702. Calculate s(-9).
130
Let p(h) = 348*h**2 + 55*h + 56. What is p(-1)?
349
Let z(j) = 2681*j**2 + 2667*j - 10. Calculate z(-1).
4
Let l(w) = -w**3 + 141*w**2 + 856*w + 3010. Determine l(147).
-812
Let v(p) = 6*p**2 + 266*p + 2357. Calculate v(-33).
113
Let w(l) = -5050*l - 1090804. Determine w(-216).
-4
Let w(r) = -r**2 + 481*r + 52421. Calculate w(-94).
-1629
Let c(d) = 2926*d + 456200. Determine c(-156).
-256
Let q(x) = -8*x**2 - 13*x - 26. Determine q(-4).
-102
Let k(d) = 2*d**2 - 1385*d + 21563. Calculate k(16).
-85
Let n(k) = 8*k**2 - 285*k + 797. Give n(3).
14
Let t(v) = v**2 - 10841*v - 665027. What is t(-61)?
-5
Let b(n) = -1525*n + 42908. Give b(28).
208
Let s(t) = 55*t**2 + 1245*t + 4794. Calculate s(-4).
694
Let j(k) = k**2 - 890*k + 54333. Determine j(66).
-51
Let s(n) = -n**2 + 436*n + 52873. Calculate s(-99).
-92
Let q(h) = 1786*h - 8888. Calculate q(5).
42
Let p(r) = 55*r - 7976. What is p(145)?
-1
Let l(y) = -9*y**2 + 1931*y + 23084. Calculate l(-12).
-1384
Let d(w) = w**3 + 27*w**2 - 92*w + 169. Calculate d(-31).
-823
Let d(c) = c**2 + 193*c - 551. Calculate d(3).
37
Let z(o) = -o**3 - 14*o**2 + 15*o + 231. Determine z(-13).
-133
Let w(t) = 2128*t - 1840721. Determine w(865).
-1
Let v(x) = x**3 + 243*x**2 - 1831*x - 20244. Calculate v(-250).
6
Let h(d) = d**3 - 23*d**2 - 110*d + 846. Calculate h(26).
14
Let i(g) = 290880*g - 6981158. What is i(24)?
-38
Let d(j) = 6*j**2 - 1820*j + 14745. Determine d(295).
-5
Let l(b) = -2808*b - 7762. Calculate l(-3).
662
Let b(w) = -w**3 + 35*w**2 - 273*w - 28. Give b(14).
266
Let r(o) = -94*o + 4529. What is r(47)?
111
Let d(c) = -4*c**3 - 11*c**2 + 11*c - 40. Calculate d(-4).
-4
Let n(z) = -71*z**2 - 6*z + 421. Determine n(-2).
149
Let w(t) = -5*t**3 - 29*t**2 + 188*t + 31. What is w(-9)?
-365
Let z(d) = 762*d + 8991. Give z(-13).
-915
Let m(s) = -400509*s + 801009. Give m(2).
-9
Let i(x) = -2*x**3 - 13*x**2 - 779*x - 5557. Give i(-7).
-55
Let h(v) = 860*v - 5059. Give h(7).
961
Let t(z) = z**3 + 6*z**2 + z - 201. What is t(-9)?
-453
Let s(j) = 7*j**2 + 1266*j - 16200. What is s(12)?
0
Let k(a) = -14170*a - 991901. Determine k(-70).
-1
Let z(p) = -23875*p + 167134. Calculate z(7).
9
Let i(w) = 3*w**3 - 103*w**2 - 164*w - 84. Determine i(35).
-3374
Let r(l) = -l**3 + 73*l**2 + 2436*l